.
-19
Evaluate 1 - (14 + 10 + -24).
1
What is the value of -21 + 11 + 12 + -6 + 3 + 0?
-1
Calculate 2 - (-3 - -4) - (126 + -125).
0
What is -19 - (3 + (-1 - 4) + -7)?
-10
-9 - ((20 - 18) + -15)
4
(9 - 14) + (1 - 41 - -14)
-31
Evaluate (2 - 4 - (6 - 12)) + -6 - 5.
-7
What is 197 + -207 + -20 + 3 + -1?
-28
What is (-2 - -24) + (-4 - -15) + -15?
18
-4 - ((-17 - -7) + 4 + (-8 - -2))
8
-8 + 8 + -6 + 0 - -6 - -14
14
Calculate -24 + -6 - (-36 - 0).
6
2 + -19 + -3 + 14
-6
Calculate 23 - (-2 - -17) - 8.
0
Evaluate 5 - (-9 + 7 + (-2 - -9)).
0
7 - (-6 - -33) - -14
-6
-16 - ((12 - -16) + -9 + -10)
-25
What is the value of -10 + -10 + 14 + (-4 - -5 - 2)?
-7
Evaluate 8 + (12 - 5) + -27 - -8.
-4
What is (-4 - -2) + 1 + -15 + 11?
-5
What is -5 - (2 + -2) - (14 - 0)?
-19
-6 + (-6 - -6 - -2)
-4
Evaluate 0 - -1 - (268 + -258).
-9
What is (0 - 9 - -33) + -12 - (1 - 2)?
13
What is ((7 - 3) + 0 - 5) + 0?
-1
-30 - (29 + -43) - -34
18
Evaluate 27 - 9 - (1 + 43).
-26
Evaluate 1 + -2 - (-21 + (-11 - -19) + 23).
-11
Calculate 23 - 4 - (0 - -1) - (10 + -2).
10
-3 + -3 - 11 - -2
-15
Calculate 18 - (6 + (3 - 12 - -2)).
19
What is -81 - -66 - (-6 - -8)?
-17
What is 45 + -14 + 3 - 26?
8
Calculate (5 - -2 - 5) + (-3 - 1) + 8.
6
What is (-5 + 4 - (-6 - (2 + -1))) + -4?
2
Evaluate 10 + 7 + -5 + -18.
-6
What is the value of -1 + 2 - 4 - (-19 + 4 + 8)?
4
Calculate 5 + -2 - (33 - (27 + -4)).
-7
Evaluate 10 - (-1 + -3 + -4 - (-32 - 5)).
-19
Calculate 7 - (-19 - (7 - (-9 + 7) - 11)).
24
-10 + -3 - (12 + -35)
10
What is the value of 17 - (13 + -4 + -13 - -15)?
6
Evaluate -140 + 150 + (0 - 4 - -4) + 3.
13
What is the value of -59 + 20 - -37 - 14?
-16
Evaluate (41 - 6) + (-10 - 1 - (-20 + 9)).
35
What is (150 - 154 - (3 + -17 + 2)) + -3?
5
What is -17 - -14 - (5 + -8)?
0
What is 4 + (0 + 16 - 12) - (3 + -7)?
12
Evaluate (7 - (-1 - (1 - (1 + -5)))) + -2.
11
Evaluate -6 - (1 - 16 - (51 - 60)) - -24.
24
Calculate 23 + -7 + -4 + -18.
-6
What is -7 + (53 - (30 - 5))?
21
Evaluate (0 - -6) + -3 - (0 - (-1 - 1)).
1
Calculate 18 + 2 - (-270 + 293).
-3
What is 1 + 2 + (-17 - -16) + 15 + -16?
1
Evaluate 42 + 45 - 70 - (0 + 2).
15
150 - 146 - (-17 - (0 + 1 - 1))
21
What is the value of (27 - -1) + (8 - 16) + -17 + 16?
19
(5 - (-3 + -3)) + (6 - (4 - 0))
13
What is 27 + (-18 - (-17 + 13)) - 19?
-6
Evaluate -4 + 17 + (9 - 14).
8
Evaluate -8 - -23 - (-5 + -1 - -4).
17
(41 - 19) + -12 + 3
13
What is the value of 1 + (3 - (-8 - -59)) + 12 - -2?
-33
1 + 1 + -9 - (15 + (2 - 14))
-10
What is the value of 18 - ((4 - -1) + -6 - -14)?
5
Evaluate 18 - (22 + -9 - 5 - -30).
-20
Evaluate -12 + (21 - -4) - -4 - 10.
7
Evaluate -21 - 1 - (22 + (-45 - (-38 + 21))).
-16
Evaluate 20 + 10 - 38 - -31.
23
What is the value of (-26 - -31) + -10 - (4 - -2)?
-11
What is the value of (-2 - -5) + -2 + -27 + 49?
23
What is (5 - 13) + 18 - (-10 + 49 - 8)?
-21
-121 + 136 + -2 + -12
1
Calculate -7 + (-1 - (-7 - (-15 + 5))).
-11
Evaluate -4 - (13 + 13 + -20).
-10
Calculate -11 - (10 + -11 + -9) - (2 - -2).
-5
What is 6 + 5 + 5 - 12?
4
(5 - (-12 + 8) - 16) + 5 + 9
7
(-6 - 12) + (-18 - -37)
1
What is 3 + -3 + (2 - -2) + -3?
1
Calculate 5 + (14 + 21 - 17).
23
What is the value of 1 + 2 + 11 + -7 + (-3 - 3)?
1
Evaluate (-6 - 2) + (-4 - -2) + 24.
14
What is 0 + 10 + -10 + 3 + -2 + 7?
8
What is -9 - (6 + -1 + 5 + -1 + 0)?
-18
Calculate 17 + -26 + (-5 - 1).
-15
What is the value of 12 + 8 + 1 - 22?
-1
What is 5 + (30 + -6 - 14)?
15
What is the value of 6 - (0 + 11 + 17) - -11?
-11
What is -426 - -400 - (-1 - 10)?
-15
Evaluate 1 - (2 + -12) - (515 - 508).
4
What is -11 - ((-7 - (-2 - 6 - -1)) + -7)?
-4
What is -2 + (-15 + 9 + 21 - 3)?
10
What is the value of 3 - (-5 + 2 + 4 + -3)?
5
What is -14 - (-3 + (3 - 18) + 9)?
-5
What is the value of 37 - (-2 + 8) - (-3 + 16)?
18
Evaluate 0 + 11 + 0 + 6 - (3 - 0).
14
-6 + (5 - 3 - 10) + (-2 - -1)
-15
Evaluate (0 - 5) + 6 + -5.
-4
What is -4 - (21 - (-25 + 28))?
-22
Evaluate 140 + -158 - (-23 + 0).
5
Calculate 0 - 2 - (29 + -35).
4
Evaluate 5 - (16 + -20 + 1).
8
Calculate 67 + -61 + (1 + -1 - 1).
5
Evaluate (1 - 14) + -19 + (8 - -10).
-14
What is the value of 7 + 2 - (19 + -39 + 22)?
7
What is (-11 - -19) + 15 - (2 + 6)?
15
Calculate -12 - (-25 + (17 - -2)).
-6
Calculate 20 + 4 + -16 - -12 - (1 - -4).
15
Evaluate 185 + -191 - (-4 + -1).
-1
Calculate (16 - 1) + (78 - 77) + -55.
-39
-18 + (-12 - -6) + -5 + 8
-21
What is the value of 9 - (31 + -1 + (-37 - -28))?
-12
Calculate -3 + 9 + (-3 - 17).
-14
What is 3 - (6 + (9 + -3 - 8) - 1)?
0
-6 - (2 + -1) - (43 + -12 - 50)
12
What is -3 - (2 + 3) - (29 + -35)?
-2
Evaluate -22 + 23 + 7 + -2 + -9.
-3
5536 - 5524 - (-8 - (-1 - (-1 - -1)))
19
Evaluate 22 - 15 - (-1 + 3) - (1 - -20).
-16
(10 - (-1 - 0)) + -4
7
0 - -2 - -4 - 3
3
17 + -7 + 10 + -30 - (-3 - 6)
-1
Calculate (-11 - -1) + -8 + (-4 - -16) - 8.
-14
Evaluate (-4 + (-4 - 23) - -16) + 6.
-9
Evaluate 13 - (-11 - -9 - (3 - (-7 - -4))).
21
Evaluate (-5 - (12 - 18)) + 7.
8
Calculate -5 + (7 + -3 - 0) + -4.
-5
What is -14 + 19 + -26 + 7?
-14
What is the value of -5 + 11 + -15 - -10?
1
Evaluate 11 + (-1 + 2 - -10 - (43 + -4)).
-17
Evaluate -11 + 8 - (4 + -3 - (-12 - -11)).
-5
Calculate 0 - ((3 - -3) + -3).
-3
What is -2 + -21 - (160 + -195)?
12
13 - ((-9 - -10) + 20)
-8
4 - -4 - (-1 - -13 - -13)
-17
What is -14 + 12 + -11 - -3?
-10
(13 - 27) + 10 - (2 - -2)
-8
Calculate 11 + -9 + 8 + (-8 - 1).
1
What is 9 + (-135 + 144 - (1 - -14))?
3
What is the value of 0 - ((1 + -3 - -2) + (97 - 109))?
12
What is the value of (17 - 12) + 12 - 34?
-17
Calculate (10 - -2) + (-29 - (21 - 12)).
-26
Calculate -28 - (-3 - (23 + -13)).
-15
Evaluate (10 - 10) + 10 - (-9 + 9 - 10).
20
Evaluate 14 - 2 - 0 - (-6 - (22 + -23)).
17
What is (2 - 11) + (50 - 44)?
-3
What is -8 + (-8 + (-3 - -6) - -20)?
7
Calculate 6 + (1 + 4 - 4) + -10 - -10.
7
What is 20 + -28 + 16 + -16?
-8
677 + -684 - (2 + 4)
-13
Evaluate (-2 - ((3 - -3) + -7)) + 12 - -6.
17
Calculate 1 + 3 + 476 + -497.
-17
Calculate -11 - (96 + -69 + (-3 + 7 - 12)).
-30
4 - ((-12 - 22) + 16) - (-8 - 1)
31
What is the value of 16 + -8 - 11 - -4?
1
Calculate 42 + (18 - (15 + 23)).
22
2 + -20 + (34 - 4)
12
-1 - (-7 + -7) - (-16 + 18)
11
What is the value of 26 - 0 - (462 + -421)?
-15
Calculate (0 + 4 - -3) + -23 + -4.
-20
(3 - -2 - 1) + (1 - -7 - 22)
-10
What is -62 - -53 - (-9 + 12)?
-12
Evaluate 9 - (52 - 33 - (4 + 6)).
0
Evaluate (2 - (5 - 11 - (-10 - -2))) + -1.
-1
What is the value of 19 - (1 - 1) - (3639 + -3627)?
7
Evaluate 6 + -7 + (-6 - (-5 - -11 - 12)).
-1
What is 1 + (5 - -1) - (-34 - -46)?
-5
Calculate -32 - 4 - (6 + 12 - 31).
-23
Calculate 2 - (-4 + -2) - (-172 - -175).
5
Calculate (4 - 1) + 42 + -52 - -3.
-4
What is the value of 6 - (10 - (16 + -2 - 9)) - 14?
-13
Calculate 0 + (1 - -1 - 1) - (-28 - -22).
7
What is 0 + (-7 + (3 - -14) - -5) + -6?
9
What is 0 - (27 + -34 - (1 + 1))?
9
Calculate 11 - (-18 + 28 + -4 + -8).
13
What is the value of -29 + (3 + 0 - (222 - 223))?
-25
Evaluate 3 + 1 - (48 - 42) - (-2 + 7).
-7
Calculate 8 - (0 + 0 - (25 + -28)) - 20.
-15
What is (-3 - -3) + -2 - 14 - -6?
-10
Evaluate -12 + (-7 - (-29 + 5)) + -10.
-5
What is the value of 21 - (3 + (21 - (28 + -14)))?
11
What is 36 + -22 + 25 - (11 - 1)?
29
3 - (-9 + 16) - 2
-6
Calculate 18 + 3 + -6 - (-1 - -23 - 18).
11
-4 - (13 + -21 + 11)
-7
Evaluate (-22 + 26 - -5) + (5 - 1).
13
(14 - (0 + (-5 - -6))) + -9 + 12
16
Calculate 7 + -20 + (-15 - (13 - 39)).
-2
What is -97 + 91 + 4 + -2?
-4
Calculate 9 - (1 - -1) - (111 + -113).
9
Calculate (-1 - 13) + (26 - (34 + 7)).
-29
Evaluate (14 - 17) + 3 - 10.
-10
What is 20 - (11 + 0 - (1 - -4)) - 8?
6
Evaluate -7 - (-19 - (10 + -11 - 9)).
2
What is the value of (-21 + -6 + 14 - -2) + -1?
-12
What is 7 + (-17 - (7 + -17) - -1)?
1
What is (-24 - (-39 - -9)) + 2 + 9 + -1?
16
Evaluate 4 - (5 + (18 - 0)).
-19
Calculate -7 + 14 + (6 - (5 + 1)).
7
Evaluate 0 + -1 + (-154 - -175) - (-1 + 4).
17
Calculate 6 + (-25 - 15) + (1 - (-1 - 7)).
-25
Evaluate 9 + (11 - 14 - (-3 + 7 - 0)).
2
What is (102 + -41 - 81) + (-3 - 1)?
-24
Evaluate -4 + 12 + -7 + 1 + 6.
8
Evaluate -2 + -1 + 2 + (-76 + 38 - -19).
-20
Evaluate -1 - -37 - (10 + 19 + -19).
26
What is -10 + 5 + 0 + 21?
16
What is (2 - -2) + 3 + -36 + 14?
-15
Evaluate (17 - (1 - -8)) + -2 - 10 - 9.
-13
Calculate 4 + 3 - (-3